of 84 and 128995566.
42
Calculate the highest common divisor of 1062 and 16370730.
1062
Calculate the greatest common divisor of 28142 and 994.
2
Calculate the greatest common factor of 477639 and 1269342.
6543
Calculate the highest common factor of 39393455 and 5260.
1315
What is the greatest common divisor of 9099828 and 1530?
306
Calculate the highest common factor of 8065 and 2022322945.
8065
What is the greatest common factor of 7128 and 131652?
108
Calculate the highest common divisor of 27692 and 294469.
161
What is the greatest common factor of 31488 and 458496?
768
Calculate the highest common factor of 1500 and 22689180.
60
What is the highest common factor of 6555924 and 972?
108
What is the greatest common divisor of 5075 and 3067475?
725
What is the greatest common factor of 26240 and 9512?
328
What is the highest common divisor of 3934088 and 5640?
376
Calculate the highest common factor of 65757 and 6281223.
2859
Calculate the greatest common factor of 2175342 and 436371.
6513
What is the highest common factor of 5904 and 49187864?
328
Calculate the greatest common divisor of 108669 and 319.
11
What is the greatest common divisor of 141177411 and 4374?
2187
Calculate the greatest common divisor of 2055975 and 676635.
1185
What is the highest common factor of 15039774 and 1116?
558
Calculate the highest common divisor of 1771114958 and 2022.
674
Calculate the highest common divisor of 3776 and 15693248.
64
What is the highest common divisor of 448 and 4101664?
224
Calculate the highest common factor of 3103775 and 3417.
1139
What is the highest common factor of 1017 and 524885?
113
What is the greatest common divisor of 11182672 and 8544?
1424
Calculate the highest common divisor of 8252857 and 5044.
97
Calculate the greatest common factor of 43567558 and 206.
206
Calculate the highest common divisor of 2158 and 7007524.
166
Calculate the highest common divisor of 414464 and 96.
32
Calculate the highest common divisor of 348 and 69385110.
174
Calculate the greatest common divisor of 281 and 44569691.
281
What is the highest common factor of 195471 and 22019544?
5283
Calculate the highest common factor of 609 and 21917364.
21
What is the greatest common factor of 12312 and 28538?
38
Calculate the highest common divisor of 3587 and 78545383.
211
Calculate the greatest common divisor of 4522 and 27421.
17
What is the highest common divisor of 3448428 and 37668?
516
Calculate the highest common factor of 375 and 25091375.
125
What is the greatest common divisor of 87616 and 4450619?
1369
What is the greatest common factor of 3215476 and 8052?
44
What is the greatest common factor of 9576 and 110442402?
2394
Calculate the highest common divisor of 9 and 6891235.
1
What is the greatest common factor of 336 and 256451216?
112
What is the highest common divisor of 25 and 2797255?
5
What is the highest common factor of 266224320 and 168?
24
Calculate the highest common factor of 9666 and 43861086.
3222
What is the greatest common divisor of 335606150 and 1100?
550
What is the greatest common divisor of 149 and 406156120?
149
Calculate the greatest common divisor of 77282100 and 450.
450
Calculate the greatest common factor of 4388857 and 2937.
979
Calculate the highest common factor of 306 and 62496522.
306
What is the highest common factor of 484456 and 159572?
1148
Calculate the greatest common factor of 57 and 4160379.
3
What is the greatest common factor of 383 and 95563862?
383
Calculate the greatest common factor of 141 and 546291.
3
What is the greatest common divisor of 477 and 6984?
9
What is the greatest common divisor of 9464662 and 236?
118
What is the highest common divisor of 3190 and 416614?
638
What is the greatest common factor of 30 and 13271862?
6
Calculate the highest common divisor of 41484 and 1722.
6
Calculate the highest common divisor of 11316176 and 32.
16
Calculate the highest common factor of 1617 and 896973.
231
What is the highest common divisor of 228770 and 1222?
2
Calculate the highest common divisor of 13516764 and 36.
12
Calculate the highest common divisor of 36612 and 47904768.
4068
Calculate the greatest common divisor of 1731100140 and 4620.
4620
What is the highest common factor of 241977 and 6873?
237
What is the greatest common factor of 9948 and 103872?
12
What is the greatest common factor of 16642580 and 100?
20
What is the highest common factor of 4006900 and 306?
34
What is the highest common divisor of 56640 and 1618368?
192
Calculate the greatest common divisor of 370029600 and 2664.
2664
What is the greatest common divisor of 75452967 and 1899?
1899
What is the highest common divisor of 596872 and 160?
8
What is the greatest common divisor of 20243569 and 5787?
643
Calculate the highest common factor of 2932380 and 300.
60
What is the greatest common factor of 2631 and 644018811?
2631
What is the greatest common divisor of 2728 and 2153096?
88
Calculate the highest common factor of 852192 and 3296326.
5918
Calculate the highest common factor of 2527928478 and 18.
18
Calculate the greatest common divisor of 1705 and 2028279.
11
What is the highest common factor of 383526 and 387244?
286
Calculate the highest common divisor of 183894081 and 20712.
2589
What is the greatest common factor of 4239147 and 110?
11
Calculate the greatest common divisor of 249145 and 3562.
13
Calculate the highest common factor of 1183152 and 2669.
157
Calculate the greatest common factor of 48607116 and 143248.
5116
Calculate the greatest common divisor of 746596921 and 287.
287
What is the highest common factor of 17494848 and 287?
7
What is the greatest common divisor of 21792420 and 2479?
67
Calculate the greatest common divisor of 2256 and 7041728.
752
Calculate the highest common divisor of 175191 and 319953.
69
What is the greatest common divisor of 11 and 93358903?
11
What is the highest common divisor of 448 and 17617376?
224
Calculate the highest common factor of 2368202 and 5729.
17
What is the highest common factor of 99 and 195543?
9
What is the greatest common factor of 126 and 91251594?
126
Calculate the highest common divisor of 94160160 and 2016.
288
What is the highest common factor of 9309 and 59131?
29
Calculate the greatest common divisor of 2425040 and 70.
10
Calculate the highest common divisor of 117 and 2630225.
13
Calculate the greatest common divisor of 33853562 and 10948.
782
What is the highest common factor of 2889455 and 265?
5
Calculate the greatest common factor of 300072 and 7032.
24
Calculate the highest common divisor of 341696 and 4332.
76
Calculate the highest common divisor of 561602871 and 369.
369
Calculate the greatest common divisor of 33949464 and 1488.
744
What is the greatest common divisor of 33 and 130849851?
33
Calculate the greatest common divisor of 136 and 545912.
8
What is the greatest common factor of 22 and 172992446?
22
What is the highest common factor of 19326 and 623334?
6
Calculate the highest common divisor of 66 and 22627077.
33
What is the highest common divisor of 13100356 and 8?
4
Calculate the greatest common factor of 316646824 and 754.
754
What is the greatest common factor of 85 and 34678283?
17
Calculate the highest common divisor of 33650 and 79100.
50
Calculate the greatest common factor of 1266 and 301362.
6
What is the greatest common factor of 3057400 and 310?
10
What is the highest common factor of 3858450 and 40890?
870
What is the greatest common factor of 703 and 2701?
37
Calculate the highest common divisor of 5328 and 1491248.
592
Calculate the greatest common divisor of 3 and 60000356.
1
Calculate the greatest common factor of 2475659 and 2889.
107
What is the highest common divisor of 1485588 and 2403?
267
Calculate the greatest common divisor of 28 and 70856100.
28
Calculate the greatest common factor of 1950940 and 1060.
20
Calculate the greatest common factor of 66815856 and 96.
48
Calculate the highest common divisor of 59102 and 798950.
58
What is the highest common divisor of 3594269 and 35?
7
What is the highest common divisor of 2660121 and 3204?
801
Calculate the greatest common divisor of 66 and 29917712.
22
Calculate the greatest common factor of 38225 and 7275.
25
What is the highest common divisor of 475862551 and 5